{"id":16910,"date":"2025-09-03T11:52:19","date_gmt":"2025-09-03T17:52:19","guid":{"rendered":"https:\/\/cataloniacomics.com\/?post_type=product&#038;p=16910"},"modified":"2026-01-30T18:09:30","modified_gmt":"2026-01-31T00:09:30","slug":"sordo","status":"publish","type":"product","link":"https:\/\/cataloniacomics.com\/?product=sordo","title":{"rendered":"Sordo"},"content":{"rendered":"<p>Norte de Espa\u00f1a. 1942. Anselmo, junto con varios milicianos republicanos que perdieron la guerra civil, preparan el sabotaje de un puente. Algo sale mal y la bomba explota antes de tiempo. Tras la detonaci\u00f3n, Anselmo pierde la capacidad de o\u00edr. Ensangrentado, aturdido y solo, comienza una lucha por su supervivencia. As\u00ed empieza\u00a0<em>Sordo<\/em>, la historia de un maquis que se recupera ahora, diez a\u00f1os despu\u00e9s de su edici\u00f3n original, contada por dos autores de peso, David Mu\u00f1oz \u2013guionista de\u00a0<em>El espinazo del diablo<\/em>, de Guillermo del Toro, entre otras obras de c\u00f3mic, cine y televisi\u00f3n\u2013 y Rayco Pulido \u2013autor de\u00a0<em>Lamia<\/em>, Premio Nacional del C\u00f3mic 2017\u2013, con una nueva rotulaci\u00f3n manual, cubierta y guardas, dos p\u00e1ginas m\u00e1s, as\u00ed como material extra de proceso creativo que le confiere una nueva vida, mientras se prepara la versi\u00f3n cinematogr\u00e1fica.<\/p>\n<p>\u201cHoy mi dibujo tiende a lo simple, caricaturesco e inexpresivo, aunque siempre est\u00e1 mutando en funci\u00f3n de la historia e intereses \u2013apunta Rayco Pulido\u2013; en este caso creo que tender hacia el cine expresionista fue un acierto para representar el arco de transformaci\u00f3n del personaje y su relaci\u00f3n con el entorno tras la p\u00e9rdida de un sentido\u201d. David Mu\u00f1oz, por su parte, considera que el trabajo a cuatro manos \u201cfue una verdadera colaboraci\u00f3n. Ser\u00eda muy distinto si le hubiera enviado la primera sinopsis detallada a otro dibujante\u201d. A ambos autores les cost\u00f3 resistir la tentaci\u00f3n de hacer peque\u00f1os cambios en el dibujo de cada p\u00e1gina, pero quisieron conservar las p\u00e1ginas del c\u00f3mic original tal y como estaban, con la salvedad de a\u00f1adir dos p\u00e1ginas, un fleco que David consider\u00f3 que no hab\u00eda quedado lo suficientemente claro en la primera edici\u00f3n: \u201cRayco pensaba que no era necesario y que se entend\u00eda todo bien, pero como le preocupa mi salud mental, ha accedido\u201d, concluye un agradecido David Mu\u00f1oz.<\/p>\n<p>&nbsp;<\/p>\n","protected":false},"excerpt":{"rendered":"<p>9788416880843<\/p>\n","protected":false},"featured_media":16911,"comment_status":"closed","ping_status":"closed","template":"","meta":[],"product_brand":[],"product_cat":[129],"product_tag":[144,311,290,162,313],"class_list":["post-16910","product","type-product","status-publish","has-post-thumbnail","product_cat-novela-grafica","product_tag-astiberri","product_tag-critica-social","product_tag-drama","product_tag-historico","product_tag-politica","first","instock","sold-individually","shipping-taxable","purchasable","product-type-simple"],"_links":{"self":[{"href":"https:\/\/cataloniacomics.com\/index.php?rest_route=\/wp\/v2\/product\/16910","targetHints":{"allow":["GET"]}}],"collection":[{"href":"https:\/\/cataloniacomics.com\/index.php?rest_route=\/wp\/v2\/product"}],"about":[{"href":"https:\/\/cataloniacomics.com\/index.php?rest_route=\/wp\/v2\/types\/product"}],"replies":[{"embeddable":true,"href":"https:\/\/cataloniacomics.com\/index.php?rest_route=%2Fwp%2Fv2%2Fcomments&post=16910"}],"wp:featuredmedia":[{"embeddable":true,"href":"https:\/\/cataloniacomics.com\/index.php?rest_route=\/wp\/v2\/media\/16911"}],"wp:attachment":[{"href":"https:\/\/cataloniacomics.com\/index.php?rest_route=%2Fwp%2Fv2%2Fmedia&parent=16910"}],"wp:term":[{"taxonomy":"product_brand","embeddable":true,"href":"https:\/\/cataloniacomics.com\/index.php?rest_route=%2Fwp%2Fv2%2Fproduct_brand&post=16910"},{"taxonomy":"product_cat","embeddable":true,"href":"https:\/\/cataloniacomics.com\/index.php?rest_route=%2Fwp%2Fv2%2Fproduct_cat&post=16910"},{"taxonomy":"product_tag","embeddable":true,"href":"https:\/\/cataloniacomics.com\/index.php?rest_route=%2Fwp%2Fv2%2Fproduct_tag&post=16910"}],"curies":[{"name":"wp","href":"https:\/\/api.w.org\/{rel}","templated":true}]}}

<p>Norte de España. 1942. Anselmo, junto con varios milicianos republicanos que perdieron la guerra civil, preparan el sabotaje de un puente. Algo sale mal y la bomba explota antes de tiempo. Tras la detonación, Anselmo pierde la capacidad de oír. Ensangrentado, aturdido y solo, comienza una lucha por su supervivencia. Así empieza <em>Sordo</em>, la historia de un maquis que se recupera ahora, diez años después de su edición original, contada por dos autores de peso, David Muñoz –guionista de <em>El espinazo del diablo</em>, de Guillermo del Toro, entre otras obras de cómic, cine y televisión– y Rayco Pulido –autor de <em>Lamia</em>, Premio Nacional del Cómic 2017–, con una nueva rotulación manual, cubierta y guardas, dos páginas más, así como material extra de proceso creativo que le confiere una nueva vida, mientras se prepara la versión cinematográfica.</p>
<p>“Hoy mi dibujo tiende a lo simple, caricaturesco e inexpresivo, aunque siempre está mutando en función de la historia e intereses –apunta Rayco Pulido–; en este caso creo que tender hacia el cine expresionista fue un acierto para representar el arco de transformación del personaje y su relación con el entorno tras la pérdida de un sentido”. David Muñoz, por su parte, considera que el trabajo a cuatro manos “fue una verdadera colaboración. Sería muy distinto si le hubiera enviado la primera sinopsis detallada a otro dibujante”. A ambos autores les costó resistir la tentación de hacer pequeños cambios en el dibujo de cada página, pero quisieron conservar las páginas del cómic original tal y como estaban, con la salvedad de añadir dos páginas, un fleco que David consideró que no había quedado lo suficientemente claro en la primera edición: “Rayco pensaba que no era necesario y que se entendía todo bien, pero como le preocupa mi salud mental, ha accedido”, concluye un agradecido David Muñoz.</p>
<p>&nbsp;</p>
