{"id":16882,"date":"2025-09-02T19:08:47","date_gmt":"2025-09-03T01:08:47","guid":{"rendered":"https:\/\/cataloniacomics.com\/?post_type=product&#038;p=16882"},"modified":"2026-01-30T17:44:44","modified_gmt":"2026-01-30T23:44:44","slug":"puertadeluz","status":"publish","type":"product","link":"https:\/\/cataloniacomics.com\/?product=puertadeluz","title":{"rendered":"Puertadeluz"},"content":{"rendered":"<p>Los vecinos de Puertadeluz, una urbanizaci\u00f3n de las surgidas al amparo de la burbuja inmobiliaria, procuran vivir el d\u00eda a d\u00eda con la falta de servicios, el desinter\u00e9s del Gobierno central y el peligro creciente de las bandas criminales n\u00f3madas que asolan las carreteras. Es ah\u00ed donde vive Alicia, una adolescente de 14 a\u00f1os, junto con su hermano y su padre. En una de sus incursiones por la denominada \u201czona fantasma\u201d, que no es sino una parte de la ciudad abandonada en mayor medida a causa de las obras no finalizadas, descubrir\u00e1 una misteriosa caja encaminada a desencadenar una espiral de sucesos que afectar\u00e1n de pleno a la comunidad.<\/p>\n<p>Este planteamiento que propone Luis Bustos en su nueva obra larga como autor completo tras los dos tomos de\u00a0<em>\u00a1Garc\u00eda!<\/em>\u00a0(Astiberri, 2015 y 2016) realizados junto a Santiago Garc\u00eda, le permite firmar un thriller futurista reflejo de un modelo sociopol\u00edtico en crisis, en el que se perciben referencias tanto a J. G. Ballard como a la pel\u00edcula\u00a0<em>S\u00f3lo ante el peligro<\/em>.<\/p>\n<p>Para Mireia P\u00e9rez, autora de c\u00f3mics y librera, con\u00a0<em>Puertadeluz<\/em>, una obra que \u201ctranscurre en el extremo dist\u00f3pico de una realidad que ya es hostil: las sociedades arrasadas por la violencia inmobiliaria, Luis Bustos consigue evidenciar que tanto la desobediencia como la empat\u00eda son claves para nuestra propia supervivencia\u201d.<\/p>\n","protected":false},"excerpt":{"rendered":"<p>9788416251995<\/p>\n","protected":false},"featured_media":16883,"comment_status":"closed","ping_status":"closed","template":"","meta":[],"product_brand":[],"product_cat":[129],"product_tag":[144,311,188,189],"class_list":["post-16882","product","type-product","status-publish","has-post-thumbnail","product_cat-novela-grafica","product_tag-astiberri","product_tag-critica-social","product_tag-juvenil","product_tag-novela-negra","first","instock","sold-individually","shipping-taxable","purchasable","product-type-simple"],"_links":{"self":[{"href":"https:\/\/cataloniacomics.com\/index.php?rest_route=\/wp\/v2\/product\/16882","targetHints":{"allow":["GET"]}}],"collection":[{"href":"https:\/\/cataloniacomics.com\/index.php?rest_route=\/wp\/v2\/product"}],"about":[{"href":"https:\/\/cataloniacomics.com\/index.php?rest_route=\/wp\/v2\/types\/product"}],"replies":[{"embeddable":true,"href":"https:\/\/cataloniacomics.com\/index.php?rest_route=%2Fwp%2Fv2%2Fcomments&post=16882"}],"wp:featuredmedia":[{"embeddable":true,"href":"https:\/\/cataloniacomics.com\/index.php?rest_route=\/wp\/v2\/media\/16883"}],"wp:attachment":[{"href":"https:\/\/cataloniacomics.com\/index.php?rest_route=%2Fwp%2Fv2%2Fmedia&parent=16882"}],"wp:term":[{"taxonomy":"product_brand","embeddable":true,"href":"https:\/\/cataloniacomics.com\/index.php?rest_route=%2Fwp%2Fv2%2Fproduct_brand&post=16882"},{"taxonomy":"product_cat","embeddable":true,"href":"https:\/\/cataloniacomics.com\/index.php?rest_route=%2Fwp%2Fv2%2Fproduct_cat&post=16882"},{"taxonomy":"product_tag","embeddable":true,"href":"https:\/\/cataloniacomics.com\/index.php?rest_route=%2Fwp%2Fv2%2Fproduct_tag&post=16882"}],"curies":[{"name":"wp","href":"https:\/\/api.w.org\/{rel}","templated":true}]}}

<p>Los vecinos de Puertadeluz, una urbanización de las surgidas al amparo de la burbuja inmobiliaria, procuran vivir el día a día con la falta de servicios, el desinterés del Gobierno central y el peligro creciente de las bandas criminales nómadas que asolan las carreteras. Es ahí donde vive Alicia, una adolescente de 14 años, junto con su hermano y su padre. En una de sus incursiones por la denominada “zona fantasma”, que no es sino una parte de la ciudad abandonada en mayor medida a causa de las obras no finalizadas, descubrirá una misteriosa caja encaminada a desencadenar una espiral de sucesos que afectarán de pleno a la comunidad.</p>
<p>Este planteamiento que propone Luis Bustos en su nueva obra larga como autor completo tras los dos tomos de <em>¡García!</em> (Astiberri, 2015 y 2016) realizados junto a Santiago García, le permite firmar un thriller futurista reflejo de un modelo sociopolítico en crisis, en el que se perciben referencias tanto a J. G. Ballard como a la película <em>Sólo ante el peligro</em>.</p>
<p>Para Mireia Pérez, autora de cómics y librera, con <em>Puertadeluz</em>, una obra que “transcurre en el extremo distópico de una realidad que ya es hostil: las sociedades arrasadas por la violencia inmobiliaria, Luis Bustos consigue evidenciar que tanto la desobediencia como la empatía son claves para nuestra propia supervivencia”.</p>
