{"id":16878,"date":"2025-09-02T19:45:24","date_gmt":"2025-09-03T01:45:24","guid":{"rendered":"https:\/\/cataloniacomics.com\/?post_type=product&#038;p=16878"},"modified":"2026-01-30T18:01:37","modified_gmt":"2026-01-31T00:01:37","slug":"prdro-y-maili","status":"publish","type":"product","link":"https:\/\/cataloniacomics.com\/?product=prdro-y-maili","title":{"rendered":"Prdro y Maili"},"content":{"rendered":"<p>PRDRO es el presidente de Espa\u00f1a. MAILI es una cantante de \u00e9xito internacional. Juntos van a vivir una aventura en la que el turismo gastron\u00f3mico convivir\u00e1 con el turismo de sucesos, y todo ello acompa\u00f1ado por mutantes, culos peludos y paradojas temporales. \u00bfAlgo m\u00e1s? S\u00ed: la historia transcurre en mitad de una crisis global provocada por una pandemia mundial.<\/p>\n<p><em>PRDRO y MAILI<\/em>\u00a0recopila el webc\u00f3mic que \u00c1lvaro Ortiz public\u00f3 en sus redes sociales entre junio y diciembre de 2020, una continuaci\u00f3n espiritual de\u00a0<em>El Murci\u00e9lago sale a por birras<\/em>\u00a0(\u00a1Caramba!, 2020) que retrata con humor muchas de las situaciones y los personajes de actualidad de\u00a0la segunda mitad de 2020.<\/p>\n","protected":false},"excerpt":{"rendered":"<p>9788418215667<\/p>\n","protected":false},"featured_media":16879,"comment_status":"closed","ping_status":"closed","template":"","meta":[],"product_brand":[],"product_cat":[130],"product_tag":[144,174],"class_list":["post-16878","product","type-product","status-publish","has-post-thumbnail","product_cat-comic","product_tag-astiberri","product_tag-humor","first","instock","sold-individually","shipping-taxable","purchasable","product-type-simple"],"_links":{"self":[{"href":"https:\/\/cataloniacomics.com\/index.php?rest_route=\/wp\/v2\/product\/16878","targetHints":{"allow":["GET"]}}],"collection":[{"href":"https:\/\/cataloniacomics.com\/index.php?rest_route=\/wp\/v2\/product"}],"about":[{"href":"https:\/\/cataloniacomics.com\/index.php?rest_route=\/wp\/v2\/types\/product"}],"replies":[{"embeddable":true,"href":"https:\/\/cataloniacomics.com\/index.php?rest_route=%2Fwp%2Fv2%2Fcomments&post=16878"}],"wp:featuredmedia":[{"embeddable":true,"href":"https:\/\/cataloniacomics.com\/index.php?rest_route=\/wp\/v2\/media\/16879"}],"wp:attachment":[{"href":"https:\/\/cataloniacomics.com\/index.php?rest_route=%2Fwp%2Fv2%2Fmedia&parent=16878"}],"wp:term":[{"taxonomy":"product_brand","embeddable":true,"href":"https:\/\/cataloniacomics.com\/index.php?rest_route=%2Fwp%2Fv2%2Fproduct_brand&post=16878"},{"taxonomy":"product_cat","embeddable":true,"href":"https:\/\/cataloniacomics.com\/index.php?rest_route=%2Fwp%2Fv2%2Fproduct_cat&post=16878"},{"taxonomy":"product_tag","embeddable":true,"href":"https:\/\/cataloniacomics.com\/index.php?rest_route=%2Fwp%2Fv2%2Fproduct_tag&post=16878"}],"curies":[{"name":"wp","href":"https:\/\/api.w.org\/{rel}","templated":true}]}}

<p>PRDRO es el presidente de España. MAILI es una cantante de éxito internacional. Juntos van a vivir una aventura en la que el turismo gastronómico convivirá con el turismo de sucesos, y todo ello acompañado por mutantes, culos peludos y paradojas temporales. ¿Algo más? Sí: la historia transcurre en mitad de una crisis global provocada por una pandemia mundial.</p>
<p><em>PRDRO y MAILI</em> recopila el webcómic que Álvaro Ortiz publicó en sus redes sociales entre junio y diciembre de 2020, una continuación espiritual de <em>El Murciélago sale a por birras</em> (¡Caramba!, 2020) que retrata con humor muchas de las situaciones y los personajes de actualidad de la segunda mitad de 2020.</p>
