{"id":16874,"date":"2025-09-02T19:02:42","date_gmt":"2025-09-03T01:02:42","guid":{"rendered":"https:\/\/cataloniacomics.com\/?post_type=product&#038;p=16874"},"modified":"2026-03-12T12:06:16","modified_gmt":"2026-03-12T18:06:16","slug":"la-perdida","status":"publish","type":"product","link":"https:\/\/cataloniacomics.com\/?product=la-perdida","title":{"rendered":"La perdida"},"content":{"rendered":"<p>Carla, una norteamericana distanciada de su padre mexicano, decide ir a la capital del pa\u00eds azteca para \u201cencontrarse a s\u00ed misma\u201d. Se instala en casa de un antiguo ligue que sigue las huellas de sus h\u00e9roes William S. Burroughs y Jack Kerouac por los bares de la ciudad. Harry se toma con buen humor la reaparici\u00f3n de Carla en su vida hasta que se da cuenta de que \u00e9sta, que se pasa los d\u00edas empap\u00e1ndose de la ciudad, explorando la casa de Frida Kahlo y aprendiendo espa\u00f1ol, no tiene intenci\u00f3n de largarse.<\/p>\n<p>Cuando la relaci\u00f3n de mutua tolerancia entre Harry y Carla llega a su inevitable fin, ella reniega de su mundo de angl\u00f3fonos expatriados y se busca su propio grupo de amigos: el guapo \u00d3scar, un camello con \u00ednfulas de DJ, y el carism\u00e1tico Memo, un mujeriego pseudointelectual de izquierdas.<\/p>\n<p>Los evocadores dibujos en blanco y negro de Jessica Abel hacen cobrar vida a la ciudad de M\u00e9xico de ayer y de hoy, desplegando la oscura historia de Carla frente a los legados de Burroughs y Kahlo. Un relato sobre el deseo juvenil de vivir una vida aut\u00e9ntica y las consecuencias de confiar en las respuestas sencillas,\u00a0<em>La perdida<\/em>\u00a0\u2013arraigada en las especificidades de la vida en M\u00e9xico y universal a la vez\u2013 es una historia sobre encontrarse a uno mismo al perderse.<\/p>\n","protected":false},"excerpt":{"rendered":"<p>9788493508821<\/p>\n","protected":false},"featured_media":16875,"comment_status":"closed","ping_status":"closed","template":"","meta":[],"product_brand":[],"product_cat":[129],"product_tag":[144,311,290,310],"class_list":["post-16874","product","type-product","status-publish","has-post-thumbnail","product_cat-novela-grafica","product_tag-astiberri","product_tag-critica-social","product_tag-drama","product_tag-viajes","first","instock","featured","sold-individually","shipping-taxable","purchasable","product-type-simple"],"_links":{"self":[{"href":"https:\/\/cataloniacomics.com\/index.php?rest_route=\/wp\/v2\/product\/16874","targetHints":{"allow":["GET"]}}],"collection":[{"href":"https:\/\/cataloniacomics.com\/index.php?rest_route=\/wp\/v2\/product"}],"about":[{"href":"https:\/\/cataloniacomics.com\/index.php?rest_route=\/wp\/v2\/types\/product"}],"replies":[{"embeddable":true,"href":"https:\/\/cataloniacomics.com\/index.php?rest_route=%2Fwp%2Fv2%2Fcomments&post=16874"}],"wp:featuredmedia":[{"embeddable":true,"href":"https:\/\/cataloniacomics.com\/index.php?rest_route=\/wp\/v2\/media\/16875"}],"wp:attachment":[{"href":"https:\/\/cataloniacomics.com\/index.php?rest_route=%2Fwp%2Fv2%2Fmedia&parent=16874"}],"wp:term":[{"taxonomy":"product_brand","embeddable":true,"href":"https:\/\/cataloniacomics.com\/index.php?rest_route=%2Fwp%2Fv2%2Fproduct_brand&post=16874"},{"taxonomy":"product_cat","embeddable":true,"href":"https:\/\/cataloniacomics.com\/index.php?rest_route=%2Fwp%2Fv2%2Fproduct_cat&post=16874"},{"taxonomy":"product_tag","embeddable":true,"href":"https:\/\/cataloniacomics.com\/index.php?rest_route=%2Fwp%2Fv2%2Fproduct_tag&post=16874"}],"curies":[{"name":"wp","href":"https:\/\/api.w.org\/{rel}","templated":true}]}}

<p>Carla, una norteamericana distanciada de su padre mexicano, decide ir a la capital del país azteca para “encontrarse a sí misma”. Se instala en casa de un antiguo ligue que sigue las huellas de sus héroes William S. Burroughs y Jack Kerouac por los bares de la ciudad. Harry se toma con buen humor la reaparición de Carla en su vida hasta que se da cuenta de que ésta, que se pasa los días empapándose de la ciudad, explorando la casa de Frida Kahlo y aprendiendo español, no tiene intención de largarse.</p>
<p>Cuando la relación de mutua tolerancia entre Harry y Carla llega a su inevitable fin, ella reniega de su mundo de anglófonos expatriados y se busca su propio grupo de amigos: el guapo Óscar, un camello con ínfulas de DJ, y el carismático Memo, un mujeriego pseudointelectual de izquierdas.</p>
<p>Los evocadores dibujos en blanco y negro de Jessica Abel hacen cobrar vida a la ciudad de México de ayer y de hoy, desplegando la oscura historia de Carla frente a los legados de Burroughs y Kahlo. Un relato sobre el deseo juvenil de vivir una vida auténtica y las consecuencias de confiar en las respuestas sencillas, <em>La perdida</em> –arraigada en las especificidades de la vida en México y universal a la vez– es una historia sobre encontrarse a uno mismo al perderse.</p>
