{"id":16838,"date":"2025-09-02T19:34:47","date_gmt":"2025-09-03T01:34:47","guid":{"rendered":"https:\/\/cataloniacomics.com\/?post_type=product&#038;p=16838"},"modified":"2026-01-30T17:58:02","modified_gmt":"2026-01-30T23:58:02","slug":"no-te-olvides-de-recordar","status":"publish","type":"product","link":"https:\/\/cataloniacomics.com\/?product=no-te-olvides-de-recordar","title":{"rendered":"No te olvides de recordar"},"content":{"rendered":"<p>Peter Kuper es un autor que divide su tiempo entre sus trabajos m\u00e1s comerciales y m\u00e1s independientes, a la vez que se esfuerza por ser un buen marido, padre y amigo. En\u00a0<em>No te olvides de recordar<\/em>\u00a0mezcla su historia actual y sus problemas de padre primerizo con sus recuerdos de adolescencia y juventud, y sus metas de entonces: perder la virginidad, colocarse, etc.<\/p>\n<p>Kuper nos conduce, a trav\u00e9s de una mirada honesta, por los altibajos del matrimonio y la paternidad, incluidos la depresi\u00f3n posparto de su esposa y su consiguiente p\u00e9rdida de inter\u00e9s en el sexo, los miedos que amenazan a su hija (incrementados por los atentados del 11 de septiembre), la manera en que disfruta de su hija, c\u00f3mo le vuelve loco y la tristeza por la p\u00e9rdida de la amistad. La forma en la que la paternidad afecta a su propia carrera profesional tambi\u00e9n desempe\u00f1a\u00a0un papel importante en la historia, ya que esta autobiograf\u00eda se convirti\u00f3 en un proyecto secundario en favor de trabajos m\u00e1s rentables, que le permitieran pagar las facturas.<\/p>\n<p>Otros temas subyacentes en la historia son lo inevitable del crecimiento de los hijos, la separaci\u00f3n de los padres y la forma agridulce en la que Kuper acepta esta situaci\u00f3n. Cuando su hija le pide que no le bese, a las puertas de la escuela, porque es \u201cembarazoso\u201d, Kuper se da cuenta de que es el fin de una \u00e9poca.<\/p>\n","protected":false},"excerpt":{"rendered":"<p>9788496815728<\/p>\n","protected":false},"featured_media":16839,"comment_status":"closed","ping_status":"closed","template":"","meta":[],"product_brand":[],"product_cat":[129],"product_tag":[144,246],"class_list":["post-16838","product","type-product","status-publish","has-post-thumbnail","product_cat-novela-grafica","product_tag-astiberri","product_tag-autobiografico","first","instock","sold-individually","shipping-taxable","purchasable","product-type-simple"],"_links":{"self":[{"href":"https:\/\/cataloniacomics.com\/index.php?rest_route=\/wp\/v2\/product\/16838","targetHints":{"allow":["GET"]}}],"collection":[{"href":"https:\/\/cataloniacomics.com\/index.php?rest_route=\/wp\/v2\/product"}],"about":[{"href":"https:\/\/cataloniacomics.com\/index.php?rest_route=\/wp\/v2\/types\/product"}],"replies":[{"embeddable":true,"href":"https:\/\/cataloniacomics.com\/index.php?rest_route=%2Fwp%2Fv2%2Fcomments&post=16838"}],"wp:featuredmedia":[{"embeddable":true,"href":"https:\/\/cataloniacomics.com\/index.php?rest_route=\/wp\/v2\/media\/16839"}],"wp:attachment":[{"href":"https:\/\/cataloniacomics.com\/index.php?rest_route=%2Fwp%2Fv2%2Fmedia&parent=16838"}],"wp:term":[{"taxonomy":"product_brand","embeddable":true,"href":"https:\/\/cataloniacomics.com\/index.php?rest_route=%2Fwp%2Fv2%2Fproduct_brand&post=16838"},{"taxonomy":"product_cat","embeddable":true,"href":"https:\/\/cataloniacomics.com\/index.php?rest_route=%2Fwp%2Fv2%2Fproduct_cat&post=16838"},{"taxonomy":"product_tag","embeddable":true,"href":"https:\/\/cataloniacomics.com\/index.php?rest_route=%2Fwp%2Fv2%2Fproduct_tag&post=16838"}],"curies":[{"name":"wp","href":"https:\/\/api.w.org\/{rel}","templated":true}]}}

<p>Peter Kuper es un autor que divide su tiempo entre sus trabajos más comerciales y más independientes, a la vez que se esfuerza por ser un buen marido, padre y amigo. En <em>No te olvides de recordar</em> mezcla su historia actual y sus problemas de padre primerizo con sus recuerdos de adolescencia y juventud, y sus metas de entonces: perder la virginidad, colocarse, etc.</p>
<p>Kuper nos conduce, a través de una mirada honesta, por los altibajos del matrimonio y la paternidad, incluidos la depresión posparto de su esposa y su consiguiente pérdida de interés en el sexo, los miedos que amenazan a su hija (incrementados por los atentados del 11 de septiembre), la manera en que disfruta de su hija, cómo le vuelve loco y la tristeza por la pérdida de la amistad. La forma en la que la paternidad afecta a su propia carrera profesional también desempeña un papel importante en la historia, ya que esta autobiografía se convirtió en un proyecto secundario en favor de trabajos más rentables, que le permitieran pagar las facturas.</p>
<p>Otros temas subyacentes en la historia son lo inevitable del crecimiento de los hijos, la separación de los padres y la forma agridulce en la que Kuper acepta esta situación. Cuando su hija le pide que no le bese, a las puertas de la escuela, porque es “embarazoso”, Kuper se da cuenta de que es el fin de una época.</p>
