{"id":16834,"date":"2025-09-04T17:14:18","date_gmt":"2025-09-04T23:14:18","guid":{"rendered":"https:\/\/cataloniacomics.com\/?post_type=product&#038;p=16834"},"modified":"2026-01-30T18:41:08","modified_gmt":"2026-01-31T00:41:08","slug":"no-morire-cazado","status":"publish","type":"product","link":"https:\/\/cataloniacomics.com\/?product=no-morire-cazado","title":{"rendered":"No morir\u00e9 cazado"},"content":{"rendered":"<p><em>No morir\u00e9 cazado<\/em>\u00a0es una adaptaci\u00f3n al c\u00f3mic de la novela hom\u00f3nima de Guillaume Gu\u00e9raud, que tiene lugar en un pueblo de 1200 almas donde todo son cotilleos, odio y rivalidades ancestrales. Y donde, sin avisar, surge el drama.<\/p>\n<p>Cartuchos de carabina en la habitaci\u00f3n, un hombre con el tobillo roto en el jard\u00edn\u2026 Es dif\u00edcil no dejarse atrapar por\u00a0<em>No morir\u00e9 cazado<\/em>. Cuenta un suceso extremadamente violento, de los que se leen en los peri\u00f3dicos, como pudieron ser el tiroteo del Instituto Columbine en Estados Unidos o el de Puerto Hurraco en Espa\u00f1a, ambos llevados a la gran pantalla.<\/p>\n<p>La violencia del relato est\u00e1 m\u00e1s sugerida que mostrada; para lograrlo Alfred se vale de un efectivo tratamiento gr\u00e1fico y de una narrativa sobria. \u201cLa violencia tiene muchas caras en este relato. El inter\u00e9s para m\u00ed era ense\u00f1ar sus diversas caras\u201d, apunta Alfred.<\/p>\n","protected":false},"excerpt":{"rendered":"<p>9788492769674<\/p>\n","protected":false},"featured_media":16835,"comment_status":"closed","ping_status":"closed","template":"","meta":[],"product_brand":[],"product_cat":[129],"product_tag":[144,311,290,189],"class_list":["post-16834","product","type-product","status-publish","has-post-thumbnail","product_cat-novela-grafica","product_tag-astiberri","product_tag-critica-social","product_tag-drama","product_tag-novela-negra","first","instock","sold-individually","shipping-taxable","purchasable","product-type-simple"],"_links":{"self":[{"href":"https:\/\/cataloniacomics.com\/index.php?rest_route=\/wp\/v2\/product\/16834","targetHints":{"allow":["GET"]}}],"collection":[{"href":"https:\/\/cataloniacomics.com\/index.php?rest_route=\/wp\/v2\/product"}],"about":[{"href":"https:\/\/cataloniacomics.com\/index.php?rest_route=\/wp\/v2\/types\/product"}],"replies":[{"embeddable":true,"href":"https:\/\/cataloniacomics.com\/index.php?rest_route=%2Fwp%2Fv2%2Fcomments&post=16834"}],"wp:featuredmedia":[{"embeddable":true,"href":"https:\/\/cataloniacomics.com\/index.php?rest_route=\/wp\/v2\/media\/16835"}],"wp:attachment":[{"href":"https:\/\/cataloniacomics.com\/index.php?rest_route=%2Fwp%2Fv2%2Fmedia&parent=16834"}],"wp:term":[{"taxonomy":"product_brand","embeddable":true,"href":"https:\/\/cataloniacomics.com\/index.php?rest_route=%2Fwp%2Fv2%2Fproduct_brand&post=16834"},{"taxonomy":"product_cat","embeddable":true,"href":"https:\/\/cataloniacomics.com\/index.php?rest_route=%2Fwp%2Fv2%2Fproduct_cat&post=16834"},{"taxonomy":"product_tag","embeddable":true,"href":"https:\/\/cataloniacomics.com\/index.php?rest_route=%2Fwp%2Fv2%2Fproduct_tag&post=16834"}],"curies":[{"name":"wp","href":"https:\/\/api.w.org\/{rel}","templated":true}]}}

No moriré cazado

<p><em>No moriré cazado</em> es una adaptación al cómic de la novela homónima de Guillaume Guéraud, que tiene lugar en un pueblo de 1200 almas donde todo son cotilleos, odio y rivalidades ancestrales. Y donde, sin avisar, surge el drama.</p>
<p>Cartuchos de carabina en la habitación, un hombre con el tobillo roto en el jardín… Es difícil no dejarse atrapar por <em>No moriré cazado</em>. Cuenta un suceso extremadamente violento, de los que se leen en los periódicos, como pudieron ser el tiroteo del Instituto Columbine en Estados Unidos o el de Puerto Hurraco en España, ambos llevados a la gran pantalla.</p>
<p>La violencia del relato está más sugerida que mostrada; para lograrlo Alfred se vale de un efectivo tratamiento gráfico y de una narrativa sobria. “La violencia tiene muchas caras en este relato. El interés para mí era enseñar sus diversas caras”, apunta Alfred.</p>
