{"id":16826,"date":"2025-09-02T19:04:10","date_gmt":"2025-09-03T01:04:10","guid":{"rendered":"https:\/\/cataloniacomics.com\/?post_type=product&#038;p=16826"},"modified":"2026-01-30T17:43:05","modified_gmt":"2026-01-30T23:43:05","slug":"no-desperteis-al-ser-que-duerme","status":"publish","type":"product","link":"https:\/\/cataloniacomics.com\/?product=no-desperteis-al-ser-que-duerme","title":{"rendered":"No despert\u00e9is al ser que duerme"},"content":{"rendered":"<p><em>No despert\u00e9is al ser que duerme<\/em>\u00a0recupera los primeros trabajos ya de cierta madurez de Jali, que, al filo del cambio de milenio, fueron defini\u00e9ndole como un dibujante a seguir, antesala del autor de referencia del panorama del c\u00f3mic nacional que es en la actualidad. Los c\u00f3mics de\u00a0<em>Billete de ida al espacio, Igor Mortis, El ni\u00f1o miope\u00a0<\/em>y\u00a0<em>A Berta le atormenta la tormenta<\/em>\u00a0\u2013con una p\u00e1gina extra que se hab\u00eda quedado en el caj\u00f3n y no form\u00f3 parte de su primera edici\u00f3n\u2013 se recuperan aqu\u00ed tras haber permanecido inencontrables durante a\u00f1os. Se incluye, adem\u00e1s, un tebeo in\u00e9dito que abre y presta el t\u00edtulo al volumen, su nuevo trabajo desde la edici\u00f3n de<em>\u00a0El \u00faltimo gran viaje de Olivier Duveau\u00a0<\/em>(Astiberri, 2009).<\/p>\n<p>Temas como el amor, la enfermedad, la muerte, el abandono, la p\u00e9rdida o el viaje en pos de una realidad m\u00e1s brillante adquieren una luz especial en manos del autor navarro. Por su parte, los espacios abiertos, vetustas mansiones, castillos imposibles o caba\u00f1as campestres, las estrellas o los barcos que surcan el cielo son igualmente habituales en el universo de Jali: \u201cTiendo a espacios apartados, a una especie de micromundos o algo as\u00ed. Supongo que me ayuda a controlar mejor la historia y a los personajes. Y ese punto extra\u00f1o de atemporalidad y de lugar geogr\u00e1fico indefinido que hay en mis tebeos \u2013confiesa\u2013 creo que ayuda a dar un aspecto on\u00edrico a la historia\u201d.<\/p>\n<p>Todas ellas comparten de alguna manera el mismo \u201cpaisaje\u201d, como si estuvieran \u201cocurriendo a la vez, una cerca de la otra. En una especie de Macondo personal, salvando las distancias, \u00a1claro!\u201d, a\u00f1ade Jali. Desde la perspectiva que da el paso del tiempo, con la mayor\u00eda de los cuentos con m\u00e1s de una d\u00e9cada a sus espaldas, ha de \u201creconocer a pesar de que quede algo egoc\u00e9ntrico, que miro estas cuatro historias con cierto orgullo. No me averg\u00fcenzo de ellas, creo que aguantan decentemente el paso del tiempo\u201d, en tanto que \u201cten\u00eda el nivel justo para poder ilustrar el tipo de historia que quer\u00eda contar y expresarla en vi\u00f1etas\u201d.<\/p>\n","protected":false},"excerpt":{"rendered":"<p>9788415163800<\/p>\n","protected":false},"featured_media":16827,"comment_status":"closed","ping_status":"closed","template":"","meta":[],"product_brand":[],"product_cat":[129],"product_tag":[144,289],"class_list":["post-16826","product","type-product","status-publish","has-post-thumbnail","product_cat-novela-grafica","product_tag-astiberri","product_tag-fantasia","first","instock","sold-individually","shipping-taxable","purchasable","product-type-simple"],"_links":{"self":[{"href":"https:\/\/cataloniacomics.com\/index.php?rest_route=\/wp\/v2\/product\/16826","targetHints":{"allow":["GET"]}}],"collection":[{"href":"https:\/\/cataloniacomics.com\/index.php?rest_route=\/wp\/v2\/product"}],"about":[{"href":"https:\/\/cataloniacomics.com\/index.php?rest_route=\/wp\/v2\/types\/product"}],"replies":[{"embeddable":true,"href":"https:\/\/cataloniacomics.com\/index.php?rest_route=%2Fwp%2Fv2%2Fcomments&post=16826"}],"wp:featuredmedia":[{"embeddable":true,"href":"https:\/\/cataloniacomics.com\/index.php?rest_route=\/wp\/v2\/media\/16827"}],"wp:attachment":[{"href":"https:\/\/cataloniacomics.com\/index.php?rest_route=%2Fwp%2Fv2%2Fmedia&parent=16826"}],"wp:term":[{"taxonomy":"product_brand","embeddable":true,"href":"https:\/\/cataloniacomics.com\/index.php?rest_route=%2Fwp%2Fv2%2Fproduct_brand&post=16826"},{"taxonomy":"product_cat","embeddable":true,"href":"https:\/\/cataloniacomics.com\/index.php?rest_route=%2Fwp%2Fv2%2Fproduct_cat&post=16826"},{"taxonomy":"product_tag","embeddable":true,"href":"https:\/\/cataloniacomics.com\/index.php?rest_route=%2Fwp%2Fv2%2Fproduct_tag&post=16826"}],"curies":[{"name":"wp","href":"https:\/\/api.w.org\/{rel}","templated":true}]}}

No despertéis al ser que duerme

<p><em>No despertéis al ser que duerme</em> recupera los primeros trabajos ya de cierta madurez de Jali, que, al filo del cambio de milenio, fueron definiéndole como un dibujante a seguir, antesala del autor de referencia del panorama del cómic nacional que es en la actualidad. Los cómics de <em>Billete de ida al espacio, Igor Mortis, El niño miope </em>y <em>A Berta le atormenta la tormenta</em> –con una página extra que se había quedado en el cajón y no formó parte de su primera edición– se recuperan aquí tras haber permanecido inencontrables durante años. Se incluye, además, un tebeo inédito que abre y presta el título al volumen, su nuevo trabajo desde la edición de<em> El último gran viaje de Olivier Duveau </em>(Astiberri, 2009).</p>
<p>Temas como el amor, la enfermedad, la muerte, el abandono, la pérdida o el viaje en pos de una realidad más brillante adquieren una luz especial en manos del autor navarro. Por su parte, los espacios abiertos, vetustas mansiones, castillos imposibles o cabañas campestres, las estrellas o los barcos que surcan el cielo son igualmente habituales en el universo de Jali: “Tiendo a espacios apartados, a una especie de micromundos o algo así. Supongo que me ayuda a controlar mejor la historia y a los personajes. Y ese punto extraño de atemporalidad y de lugar geográfico indefinido que hay en mis tebeos –confiesa– creo que ayuda a dar un aspecto onírico a la historia”.</p>
<p>Todas ellas comparten de alguna manera el mismo “paisaje”, como si estuvieran “ocurriendo a la vez, una cerca de la otra. En una especie de Macondo personal, salvando las distancias, ¡claro!”, añade Jali. Desde la perspectiva que da el paso del tiempo, con la mayoría de los cuentos con más de una década a sus espaldas, ha de “reconocer a pesar de que quede algo egocéntrico, que miro estas cuatro historias con cierto orgullo. No me avergüenzo de ellas, creo que aguantan decentemente el paso del tiempo”, en tanto que “tenía el nivel justo para poder ilustrar el tipo de historia que quería contar y expresarla en viñetas”.</p>
