{"id":16794,"date":"2025-09-04T14:18:59","date_gmt":"2025-09-04T20:18:59","guid":{"rendered":"https:\/\/cataloniacomics.com\/?post_type=product&#038;p=16794"},"modified":"2026-01-30T18:22:29","modified_gmt":"2026-01-31T00:22:29","slug":"el-mecanismo","status":"publish","type":"product","link":"https:\/\/cataloniacomics.com\/?product=el-mecanismo","title":{"rendered":"El mecanismo"},"content":{"rendered":"<p>La ma\u00f1ana del 17 de agosto de 1981, tras una multitudinaria fiesta en su mansi\u00f3n de San Francisco, Marcus Carlton, mundialmente famoso desde finales de los a\u00f1os setenta tras la publicaci\u00f3n de su primer y \u00fanico libro,\u00a0<em>El mecanismo<\/em>, se suicid\u00f3 lanz\u00e1ndose desde el Golden Gate. Su cuerpo nunca fue hallado. En los a\u00f1os siguientes, las m\u00faltiples conjeturas sobre su desaparici\u00f3n dieron pie a toda clase de reportajes, libros, documentales y teor\u00edas conspirativas. Su desaparici\u00f3n sigui\u00f3 siendo un misterio en la misma medida en que lo hab\u00eda sido su vida. Nunca m\u00e1s se supo de \u00e9l.<\/p>\n<p>Jonathan Bennett tiene cuarenta a\u00f1os, vive en Nueva York, y es periodista freelance y escritor de ensayos literarios. Durante a\u00f1os, como para muchos otros, la figura de Carlton ha sido para \u00e9l casi una obsesi\u00f3n. En 2009 decide viajar a Mallorca para empezar a trabajar en un ensayo sobre la obra de Robert Graves. Tras un extra\u00f1o incidente, conocer\u00e1 a Don Carter, un anciano que no solo guarda un asombroso parecido con Marcus Carlton, sino que adem\u00e1s parece conocer a la perfecci\u00f3n<em>\u00a0El mecanismo<\/em>&#8230;<\/p>\n","protected":false},"excerpt":{"rendered":"<p>9788418215919<\/p>\n","protected":false},"featured_media":16795,"comment_status":"closed","ping_status":"closed","template":"","meta":[],"product_brand":[],"product_cat":[129],"product_tag":[144,259,290,189],"class_list":["post-16794","product","type-product","status-publish","has-post-thumbnail","product_cat-novela-grafica","product_tag-astiberri","product_tag-costumbrismo","product_tag-drama","product_tag-novela-negra","first","instock","sold-individually","shipping-taxable","purchasable","product-type-simple"],"_links":{"self":[{"href":"https:\/\/cataloniacomics.com\/index.php?rest_route=\/wp\/v2\/product\/16794","targetHints":{"allow":["GET"]}}],"collection":[{"href":"https:\/\/cataloniacomics.com\/index.php?rest_route=\/wp\/v2\/product"}],"about":[{"href":"https:\/\/cataloniacomics.com\/index.php?rest_route=\/wp\/v2\/types\/product"}],"replies":[{"embeddable":true,"href":"https:\/\/cataloniacomics.com\/index.php?rest_route=%2Fwp%2Fv2%2Fcomments&post=16794"}],"wp:featuredmedia":[{"embeddable":true,"href":"https:\/\/cataloniacomics.com\/index.php?rest_route=\/wp\/v2\/media\/16795"}],"wp:attachment":[{"href":"https:\/\/cataloniacomics.com\/index.php?rest_route=%2Fwp%2Fv2%2Fmedia&parent=16794"}],"wp:term":[{"taxonomy":"product_brand","embeddable":true,"href":"https:\/\/cataloniacomics.com\/index.php?rest_route=%2Fwp%2Fv2%2Fproduct_brand&post=16794"},{"taxonomy":"product_cat","embeddable":true,"href":"https:\/\/cataloniacomics.com\/index.php?rest_route=%2Fwp%2Fv2%2Fproduct_cat&post=16794"},{"taxonomy":"product_tag","embeddable":true,"href":"https:\/\/cataloniacomics.com\/index.php?rest_route=%2Fwp%2Fv2%2Fproduct_tag&post=16794"}],"curies":[{"name":"wp","href":"https:\/\/api.w.org\/{rel}","templated":true}]}}

<p>La mañana del 17 de agosto de 1981, tras una multitudinaria fiesta en su mansión de San Francisco, Marcus Carlton, mundialmente famoso desde finales de los años setenta tras la publicación de su primer y único libro, <em>El mecanismo</em>, se suicidó lanzándose desde el Golden Gate. Su cuerpo nunca fue hallado. En los años siguientes, las múltiples conjeturas sobre su desaparición dieron pie a toda clase de reportajes, libros, documentales y teorías conspirativas. Su desaparición siguió siendo un misterio en la misma medida en que lo había sido su vida. Nunca más se supo de él.</p>
<p>Jonathan Bennett tiene cuarenta años, vive en Nueva York, y es periodista freelance y escritor de ensayos literarios. Durante años, como para muchos otros, la figura de Carlton ha sido para él casi una obsesión. En 2009 decide viajar a Mallorca para empezar a trabajar en un ensayo sobre la obra de Robert Graves. Tras un extraño incidente, conocerá a Don Carter, un anciano que no solo guarda un asombroso parecido con Marcus Carlton, sino que además parece conocer a la perfección<em> El mecanismo</em>&#8230;</p>
