{"id":10072,"date":"2024-09-30T14:35:38","date_gmt":"2024-09-30T19:35:38","guid":{"rendered":"https:\/\/cataloniacomics.com\/?post_type=product&#038;p=10072"},"modified":"2026-01-23T17:36:41","modified_gmt":"2026-01-23T23:36:41","slug":"manada-1","status":"publish","type":"product","link":"https:\/\/cataloniacomics.com\/?product=manada-1","title":{"rendered":"Manada 1"},"content":{"rendered":"<p><strong>La Manada<\/strong> es un colectivo de <strong>narrativa gr\u00e1fica<\/strong>, publican historias nuevas de autoras y autores independientes, acompa\u00f1ados por el arte de diferentes ilustradoras e ilustradores, cuenta con <strong>4 historias<\/strong> auto conclusivas\u00a0 aptas para todo p\u00fablico abarcando diferentes g\u00e9neros como fantas\u00eda, ciencia ficci\u00f3n, terror, as\u00ed como una entrevista donde conoceremos Artistas consolidados del arte secuencial esta secci\u00f3n la identificaremos con el nombre <strong>Insp\u00edrate<\/strong> , y para darte un<strong> plus<\/strong> tambi\u00e9n podr\u00e1s disfrutar de una historia adicional escrita e ilustrada por autores nuevos y que en este espacio debutan.<\/p>\n<p>En \u00e9ste <strong>n\u00famero 1<\/strong> de <strong>La Manada<\/strong> encontrar\u00e1s:<\/p>\n<ul>\n<li>\u00a0\u00ab<b>El lobo y la coneja\u00bb<\/b>.\u00a0 Historia\u00a0<span class=\"il\">Josu\u00e9<\/span> Araiza \/ Arte Le\u00f3n Gonz\u00e1lez\u00a0 una historia rom\u00e1ntica ubicada en Sierra de Lobos.<\/li>\n<li>\u00a0<b>\u00abLa voluntad del inocente: el misterio de la fotoquinesis\u00bb<\/b>.\u00a0 Historia y arte Daniela Serna\u00a0 una historia que narra el nacimiento de un h\u00e9roe.<\/li>\n<li><b>\u00a0\u00abLa fiesta privada de Mt Green\u00bb.\u00a0 <\/b>Historia Eduardo Salceda\u00a0 \/\u00a0 Arte Alan Villanueva (The Gato Pato)\u00a0 una historia de terror en la Madero.<\/li>\n<li>\u00a0<b>\u00abEl Alma de la inteligencia artificial\u00bb.\u00a0\u00a0<\/b>Historia Efra\u00edn Palomino\u00a0 \/\u00a0 Arte Ted Keys\u00a0 una historia de Ciencia Ficci\u00f3n.<\/li>\n<\/ul>\n<div><\/div>\n<div>En la secci\u00f3n <strong>\u00abInspirarte\u00bb<\/strong>\u00a0 conoce en la entrevista al autor de trayectoria donde nos platica sus experiencias, an\u00e9cdotas, consejos y lo que vaya saliendo, para este primer n\u00famero nos acompa\u00f1a el maestro <strong>Jos\u00e9 Luis Pescador<\/strong>.<\/div>\n<div><\/div>\n<div>Y para terminar encontraras el espacio dedicado a nuevos talentos, para este n\u00famero la historia es:<\/div>\n<ul>\n<li><b>\u00abDiferente\u00bb<\/b>.\u00a0 con autor\u00eda compartida de Grecia Jim\u00e9nez y Aar\u00f3n L\u00f3pez.<\/li>\n<\/ul>\n<p>Publicaci\u00f3n bimestral.<\/p>\n","protected":false},"excerpt":{"rendered":"<p>K0045<\/p>\n","protected":false},"featured_media":10073,"comment_status":"open","ping_status":"closed","template":"","meta":[],"product_brand":[],"product_cat":[130],"product_tag":[216],"class_list":["post-10072","product","type-product","status-publish","has-post-thumbnail","product_cat-comic","product_tag-comic-mexicano","first","instock","sold-individually","shipping-taxable","purchasable","product-type-simple"],"_links":{"self":[{"href":"https:\/\/cataloniacomics.com\/index.php?rest_route=\/wp\/v2\/product\/10072","targetHints":{"allow":["GET"]}}],"collection":[{"href":"https:\/\/cataloniacomics.com\/index.php?rest_route=\/wp\/v2\/product"}],"about":[{"href":"https:\/\/cataloniacomics.com\/index.php?rest_route=\/wp\/v2\/types\/product"}],"replies":[{"embeddable":true,"href":"https:\/\/cataloniacomics.com\/index.php?rest_route=%2Fwp%2Fv2%2Fcomments&post=10072"}],"wp:featuredmedia":[{"embeddable":true,"href":"https:\/\/cataloniacomics.com\/index.php?rest_route=\/wp\/v2\/media\/10073"}],"wp:attachment":[{"href":"https:\/\/cataloniacomics.com\/index.php?rest_route=%2Fwp%2Fv2%2Fmedia&parent=10072"}],"wp:term":[{"taxonomy":"product_brand","embeddable":true,"href":"https:\/\/cataloniacomics.com\/index.php?rest_route=%2Fwp%2Fv2%2Fproduct_brand&post=10072"},{"taxonomy":"product_cat","embeddable":true,"href":"https:\/\/cataloniacomics.com\/index.php?rest_route=%2Fwp%2Fv2%2Fproduct_cat&post=10072"},{"taxonomy":"product_tag","embeddable":true,"href":"https:\/\/cataloniacomics.com\/index.php?rest_route=%2Fwp%2Fv2%2Fproduct_tag&post=10072"}],"curies":[{"name":"wp","href":"https:\/\/api.w.org\/{rel}","templated":true}]}}

<p><strong>La Manada</strong> es un colectivo de <strong>narrativa gráfica</strong>, publican historias nuevas de autoras y autores independientes, acompañados por el arte de diferentes ilustradoras e ilustradores, cuenta con <strong>4 historias</strong> auto conclusivas  aptas para todo público abarcando diferentes géneros como fantasía, ciencia ficción, terror, así como una entrevista donde conoceremos Artistas consolidados del arte secuencial esta sección la identificaremos con el nombre <strong>Inspírate</strong> , y para darte un<strong> plus</strong> también podrás disfrutar de una historia adicional escrita e ilustrada por autores nuevos y que en este espacio debutan.</p>
<p>En éste <strong>número 1</strong> de <strong>La Manada</strong> encontrarás:</p>
<ul>
<li> «<b>El lobo y la coneja»</b>.  Historia <span class="il">Josué</span> Araiza / Arte León González  una historia romántica ubicada en Sierra de Lobos.</li>
<li> <b>«La voluntad del inocente: el misterio de la fotoquinesis»</b>.  Historia y arte Daniela Serna  una historia que narra el nacimiento de un héroe.</li>
<li><b> «La fiesta privada de Mt Green».  </b>Historia Eduardo Salceda  /  Arte Alan Villanueva (The Gato Pato)  una historia de terror en la Madero.</li>
<li> <b>«El Alma de la inteligencia artificial».  </b>Historia Efraín Palomino  /  Arte Ted Keys  una historia de Ciencia Ficción.</li>
</ul>
<div></div>
<div>En la sección <strong>«Inspirarte»</strong>  conoce en la entrevista al autor de trayectoria donde nos platica sus experiencias, anécdotas, consejos y lo que vaya saliendo, para este primer número nos acompaña el maestro <strong>José Luis Pescador</strong>.</div>
<div></div>
<div>Y para terminar encontraras el espacio dedicado a nuevos talentos, para este número la historia es:</div>
<ul>
<li><b>«Diferente»</b>.  con autoría compartida de Grecia Jiménez y Aarón López.</li>
</ul>
<p>Publicación bimestral.</p>
